{"id":24,"date":"2015-11-26T22:12:55","date_gmt":"2015-11-26T21:12:55","guid":{"rendered":"http:\/\/www.oberpfalz-radsport.de\/?page_id=24"},"modified":"2016-12-29T22:47:09","modified_gmt":"2016-12-29T21:47:09","slug":"jugendfoerderung","status":"publish","type":"page","link":"https:\/\/www.oberpfalz-radsport.de\/?page_id=24","title":{"rendered":"St\u00fctzpunkttraining im Bezirk Oberpfalz"},"content":{"rendered":"<p>Das MTB-St\u00fctzpunkttraining ist eine leistungssportliche F\u00f6rderma\u00dfnahme f\u00fcr die Olympische Radsportdisziplin MTB Cross Country (XCO).<\/p>\n<h3 id=\"1\">Zielgruppe des Angebots<\/h3>\n<ul>\n<li>talentierte Nachwuchs-Vereinssportler aus der Region\n<ul>\n<li>Altersklasse U13 -U17 (f\u00fcr 2017 entspricht dies den Jahrg\u00e4ngen 2006-2001)<\/li>\n<li>U19 + U23 1. Jahr in Ausnahmef\u00e4llen nach Trainer-Entscheid (Jahrg\u00e4nge 2000-1998)<\/li>\n<\/ul>\n<\/li>\n<li>\u2022 mindestens einj\u00e4hrige Erfahrung im MTB-Sport mit Rennteilnahmen an Jura-Cup oder MTB-Bayernliga<\/li>\n<li>\u2022 Vereinsmitgliedschaft in einem Radsportverein des BRV<\/li>\n<\/ul>\n<h3 id=\"2\">Vorgehensweise bei Auswahl und Einladung<\/h3>\n<ul>\n<li>\u2022 Teilnahme erfolgt ausschlie\u00dflich nach Einladung durch den verantwortlichen St\u00fctzpunkttrainer<\/li>\n<li>\u2022 Auswahl der Sportler erfolgt nach Abstimmungsgespr\u00e4chen mit den Vereinstrainern oder aufgrund der Sichtung bei regionalen Wettk\u00e4mpfen<\/li>\n<li>\u2022 Interessierte Nachwuchssportler k\u00f6nnen auf Anfrage zu einem Sichtungstraining eingeladen werden<\/li>\n<li>\u2022 Lizenzsportler haben bei begrenzten Teilnehmerzahlen Vorrang<\/li>\n<\/ul>\n<h3 id=\"3\">Inhalte des St\u00fctzpunkttrainings<\/h3>\n<ul>\n<li>\u2022 F\u00f6rderung der allgemeinen sportlichen sowie der sportartspezifischen Ausbildung der Nachwuchssportler\n<ul>\n<li>\u2022 fahrtechnisches K\u00f6nnen<\/li>\n<li>\u2022 allgemeine athletische Ausbildung<\/li>\n<li>\u2022 wettkampftaktisches Training<\/li>\n<li>\u2022 trainingsmethodisches Praxiswissen<\/li>\n<li>\u2022 kein Training der allgemeinen Ausdauerf\u00e4higkeiten; dies hat in den Vereinen zu erfolgen<\/li>\n<li>\u2022 Orientierung der Trainingsinhalte am Saisonverlauf<\/li>\n<\/ul>\n<\/li>\n<\/ul>\n<h3 id=\"4\">Ablauf des St\u00fctzpunkttrainings<\/h3>\n<ul>\n<li>\u2022 Angebot durchschnittlich 1x pro Monat<\/li>\n<li>\u2022 Dauer der Ma\u00dfnahmen 2-3 Stunden<\/li>\n<li>\u2022 Angaben in der Einladung sind genau zu lesen, notwendige Ausr\u00fcstungsgegenst\u00e4nde sind mit zu bringen<\/li>\n<li>\u2022 Teilnahme kann nur mit vollst\u00e4ndiger Ausr\u00fcstung und einwandfreiem Material erfolgen<\/li>\n<\/ul>\n<p>&nbsp;<\/p>\n","protected":false},"excerpt":{"rendered":"<p>Das MTB-St\u00fctzpunkttraining ist eine leistungssportliche F\u00f6rderma\u00dfnahme f\u00fcr die Olympische Radsportdisziplin MTB Cross Country (XCO). Zielgruppe des Angebots talentierte Nachwuchs-Vereinssportler aus der Region Altersklasse U13 -U17 (f\u00fcr 2017 entspricht dies den Jahrg\u00e4ngen 2006-2001) U19 + U23 1. Jahr in Ausnahmef\u00e4llen nach Trainer-Entscheid (Jahrg\u00e4nge 2000-1998) \u2022 mindestens einj\u00e4hrige Erfahrung im MTB-Sport mit Rennteilnahmen an Jura-Cup oder MTB-Bayernliga [&hellip;]<\/p>\n","protected":false},"author":1,"featured_media":0,"parent":0,"menu_order":0,"comment_status":"closed","ping_status":"closed","template":"","meta":{"ngg_post_thumbnail":0,"footnotes":""},"class_list":["post-24","page","type-page","status-publish","czr-hentry"],"_links":{"self":[{"href":"https:\/\/www.oberpfalz-radsport.de\/index.php?rest_route=\/wp\/v2\/pages\/24","targetHints":{"allow":["GET"]}}],"collection":[{"href":"https:\/\/www.oberpfalz-radsport.de\/index.php?rest_route=\/wp\/v2\/pages"}],"about":[{"href":"https:\/\/www.oberpfalz-radsport.de\/index.php?rest_route=\/wp\/v2\/types\/page"}],"author":[{"embeddable":true,"href":"https:\/\/www.oberpfalz-radsport.de\/index.php?rest_route=\/wp\/v2\/users\/1"}],"replies":[{"embeddable":true,"href":"https:\/\/www.oberpfalz-radsport.de\/index.php?rest_route=%2Fwp%2Fv2%2Fcomments&post=24"}],"version-history":[{"count":4,"href":"https:\/\/www.oberpfalz-radsport.de\/index.php?rest_route=\/wp\/v2\/pages\/24\/revisions"}],"predecessor-version":[{"id":460,"href":"https:\/\/www.oberpfalz-radsport.de\/index.php?rest_route=\/wp\/v2\/pages\/24\/revisions\/460"}],"wp:attachment":[{"href":"https:\/\/www.oberpfalz-radsport.de\/index.php?rest_route=%2Fwp%2Fv2%2Fmedia&parent=24"}],"curies":[{"name":"wp","href":"https:\/\/api.w.org\/{rel}","templated":true}]}}